es 21 divide 53661?
False
Is 1570567 a multiple of 7?
False
Is 10755712 a multiple of 31?
False
Is 882 a factor of 1127564?
False
Does 72 divide 8953934?
False
Is 11 a factor of 9957120?
False
Is 3789666 a multiple of 157?
True
Does 266 divide 3901821?
False
Is 761191 a multiple of 299?
False
Does 33 divide 2423091?
True
Is 3048274 a multiple of 47?
False
Is 5307 a multiple of 3?
True
Does 10 divide 248448?
False
Is 18 a factor of 1160100?
True
Does 280 divide 8086903?
False
Does 9 divide 17358?
False
Is 64 a factor of 26583179?
False
Does 17 divide 264945?
True
Does 3 divide 253557?
True
Is 27746 a multiple of 27?
False
Is 1731 a multiple of 5?
False
Is 228 a factor of 835164?
True
Does 28 divide 3763134?
False
Does 33 divide 173151?
True
Is 559 a factor of 139827?
False
Does 90 divide 71280?
True
Is 135555 a multiple of 49?
False
Is 33 a factor of 101366?
False
Is 138 a factor of 2196952?
False
Is 88688 a multiple of 7?
False
Does 11 divide 1635403?
True
Is 10063709 a multiple of 6?
False
Is 7145397 a multiple of 609?
True
Does 34 divide 1236079?
False
Does 25 divide 220358?
False
Is 214503 a multiple of 102?
False
Does 99 divide 46245?
False
Is 18 a factor of 501624?
True
Does 13 divide 64727?
True
Is 405799 a multiple of 505?
False
Is 28 a factor of 335440?
True
Does 46 divide 161475?
False
Is 2759927 a multiple of 609?
False
Is 10 a factor of 115570?
True
Is 156558 a multiple of 194?
True
Is 26704 a multiple of 115?
False
Is 6097 a multiple of 67?
True
Does 92 divide 365053?
False
Is 5153645 a multiple of 82?
False
Is 998852 a multiple of 34?
True
Does 40 divide 210173?
False
Does 253 divide 490844?
False
Is 72 a factor of 130242?
False
Is 9 a factor of 352319?
False
Is 201441 a multiple of 3?
True
Is 118 a factor of 101431?
False
Does 56 divide 14336?
True
Is 253 a factor of 7701057?
False
Is 385968 a multiple of 17?
True
Does 31 divide 94434?
False
Is 478852 a multiple of 22?
True
Is 7825806 a multiple of 591?
False
Is 1672415 a multiple of 716?
False
Does 811 divide 17280187?
False
Is 446 a factor of 2945447?
False
Does 44 divide 69727?
False
Is 110968 a multiple of 26?
True
Is 524 a factor of 2937267?
False
Does 30 divide 301211?
False
Does 61 divide 91134?
True
Is 1057 a factor of 3024157?
False
Does 12 divide 109972?
False
Is 545 a factor of 8415890?
True
Is 28 a factor of 3518097?
False
Is 65029 a multiple of 35?
False
Is 653 a factor of 446652?
True
Is 662423 a multiple of 58?
False
Is 376 a factor of 3110768?
False
Is 489162 a multiple of 24?
False
Is 23683 a multiple of 3?
False
Does 20 divide 3680?
True
Does 12 divide 20354647?
False
Does 82 divide 123820?
True
Does 2 divide 62182?
True
Does 22 divide 668620?
False
Is 736 a factor of 9989112?
False
Is 4 a factor of 28017?
False
Is 96030 a multiple of 99?
True
Is 11 a factor of 250833?
True
Is 130956 a multiple of 57?
False
Is 595 a factor of 1087065?
True
Is 507600 a multiple of 25?
True
Is 330 a factor of 570801?
False
Is 15 a factor of 1194638?
False
Is 12 a factor of 226869?
False
Is 39 a factor of 112476?
True
Is 1831424 a multiple of 64?
True
Is 21 a factor of 21642339?
False
Is 134162 a multiple of 98?
True
Does 81 divide 912141?
True
Is 118 a factor of 1268940?
False
Is 82320 a multiple of 187?
False
Is 84459 a multiple of 47?
True
Does 12 divide 131412?
True
Does 5 divide 2644521?
False
Is 40 a factor of 838400?
True
Is 315 a factor of 453292?
False
Does 8 divide 14087?
False
Is 4233374 a multiple of 14?
False
Is 11988980 a multiple of 1556?
True
Is 345552 a multiple of 12?
True
Is 23 a factor of 990123?
False
Is 108 a factor of 674568?
True
Does 31 divide 797833?
False
Does 1210 divide 5354475?
False
Is 7990527 a multiple of 22?
False
Is 35 a factor of 1762005?
True
Is 5 a factor of 5217?
False
Is 1008397 a multiple of 13?
True
Is 11777494 a multiple of 346?
True
Does 50 divide 11400?
True
Is 104 a factor of 1217022?
False
Is 1730486 a multiple of 30?
False
Is 63 a factor of 41013?
True
Is 210440 a multiple of 258?
False
Is 76 a factor of 47095?
False
Is 15 a factor of 21226?
False
Is 93 a factor of 1460205?
False
Does 25 divide 98575?
True
Is 593436 a multiple of 34?
True
Is 14 a factor of 393997?
False
Is 80 a factor of 2637920?
True
Does 30 divide 515361?
False
Does 17 divide 104389?
False
Is 120 a factor of 194760?
True
Does 2 divide 2519?
False
Is 108437 a multiple of 125?
False
Does 5 divide 471962?
False
Is 305 a factor of 514569?
False
Does 325 divide 11347701?
False
Is 24077706 a multiple of 29?
False
Is 10058730 a multiple of 165?
True
Is 88855 a multiple of 3?
False
Does 190 divide 99919?
False
Does 172 divide 184900?
True
Is 67 a factor of 1364621?
False
Is 167 a factor of 518566?
False
Does 27 divide 20237174?
False
Is 427 a factor of 8205?
False
Does 71 divide 1532426?
False
Is 28 a factor of 90300?
True
Is 79 a factor of 788339?
False
Is 3624148 a multiple of 31?
True
Is 2412730 a multiple of 5?
True
Is 38 a factor of 2457013?
False
Is 46748 a multiple of 403?
True
Does 3 divide 1162096?
False
Does 17 divide 15666213?
False
Is 723207 a multiple of 23?
False
Does 32 divide 516128?
True
Is 3429312 a multiple of 16?
True
Is 7657008 a multiple of 12?
True
Is 9198 a multiple of 12?
False
Does 13 divide 2421068?
True
Is 61 a factor of 131821?
True
Is 105984 a multiple of 24?
True
Is 16 a factor of 39624560?
True
Is 28425 a multiple of 101?
False
Is 39900 a multiple of 57?
True
Is 629464 a multiple of 358?
False
Is 36843 a multiple of 3?
True
Does 3 divide 113670?
True
Is 121818 a multiple of 257?
True
Does 66 divide 1114344?
True
Is 483 a factor of 171650?
False
Does 5 divide 3835444?
False
Is 58 a factor of 526060?
True
Is 75 a factor of 929775?
True
Does 6 divide 109878?
True
Is 23 a factor of 97841?
False
Is 108 a factor of 1261332?
True
Is 95 a factor of 271890?
True
Is 342 a factor of 4755852?
True
Is 103331 a multiple of 10?
False
Is 29 a factor of 205058?
False
Is 62 a factor of 48958?
False
Is 1712684 a multiple of 206?
True
Is 23 a factor of 1297194?
False
Is 11329 a multiple of 12?
False
Is 19 a factor of 417411?
True
Is 50712 a multiple of 28?
False
Is 125 a factor of 105750?
True
Does 1863 divide 7517205?
True
Is 8 a factor of 459986?
False
Does 576 divide 226757?
False
Does 23 divide 2270008?
True
Is 21 a factor of 5424552?
True
Does 16 divide 639514?
False
Is 18258 a multiple of 51?
True
Does 16 divide 306784?
True
Is 1997964 a multiple of 6?
True
Is 1067186 a multiple of 2?
True
Does 28 divide 2786337?
False
Is 1849764 a multiple of 61?
True
Is 201585 a multiple of 151?
True
Is 834872 a multiple of 47?
False
Is 158 a factor of 2077542?
True
Is 8 a factor of 1262491?
False
Is 12324638 a multiple of 125?
False
Is 4 a factor of 1918248?
True
Is 1155 a factor of 8851920?
True
Is 839588 a multiple of 104?
False
Is 29 a factor of 155263?
False
Is 13 a factor of 1873547?
True
Is 195 a factor of 705705?
True
Does 41 divide 806671?
False
Is 4497840 a multiple of 720?
True
Is 8 a factor of 486807?
False
Is 4347853 a multiple of 601?
False
Is 18 a factor of 1962?
True
Is 77620 a multiple of 421?
False
Is 677 a factor of 3310530?
True
Is 474312 a multiple of 24?
True
Does 66 divide 124542?
True
Is 1626916 a multiple of 148?
False
Does 48 divide 1739184?
True
Is 170 a factor of 4058151?
False
Is 111690 a multiple of 18?
True
Is 82 a factor of 11108?
False
Does 161 divide 1334207?
True
Is 5447191 a multiple of 71?
True
Is 465940 a multiple of 190?
False
Is 17313219 a multiple of 43?
True
Is 660819 a multiple of 215?
False
Does 31 divide 2505076?
False
Does 60 divide 33719?
False
Is 17 a factor of 2240855?
True
Is 396378 a multiple of 57?
True
Does 10 divide 7116150?
True
Is 3904834 a multiple of 400?
False
Is 16 a factor of 3080624?
True
Does 9 divide 1324613?
False
Is 441312 a multiple of 61?
False
Is 12 a factor of 49344?
True
Does 9 divide 64206?
True
Does 227 divide 74910?
True
Is 390600 a multiple of 450?
True
Is 44 a factor of 2388066?
False
Is 7366044 a multiple of 21?
True
Is 653 a factor of 774458?
True
Is 3209530 a multiple of 13?
False
Is 6 a factor of 18703?
False
Does 749 divide 3097864?
True
Does 28 divide 160636?
True
Is 26 a factor of 21274?
False
Is 69285 a multiple of 106?
False
Does 7 divide 293167?
True
Is 1320270 a multiple of 14?
Tr